{"id":3587,"date":"2025-01-04T19:01:04","date_gmt":"2025-01-04T18:01:04","guid":{"rendered":"https:\/\/www.mvbreitenau.at\/v2\/?page_id=3587"},"modified":"2025-01-04T19:01:05","modified_gmt":"2025-01-04T18:01:05","slug":"berichte-aus-dem-jahr-2022","status":"publish","type":"page","link":"http:\/\/www.mvbreitenau.at\/v2\/?page_id=3587","title":{"rendered":"Berichte aus dem Jahr 2022"},"content":{"rendered":"      <div id=\"post-grid-lazy-3590\" class=\"post-grid-lazy\"><img decoding=\"async\" alt=\"\" src=\"\" \/><\/div>\n    <script>\n      jQuery('#post-grid-lazy-3590').ready(function($) {\n        $('#post-grid-lazy-3590').fadeOut();\n        $('#post-grid-3590   ').fadeIn();\n      })\n    <\/script>\n    <style type=\"text\/css\">\n      #post-grid-3590 {\n        display: none;\n      }\n\n      .post-grid-lazy {\n        text-align: center;\n      }\n    <\/style>\n    <div data-options='{&quot;id&quot;:&quot;3590&quot;,&quot;lazy_load&quot;:&quot;yes&quot;,&quot;masonry_enable&quot;:&quot;no&quot;,&quot;view_type&quot;:&quot;grid&quot;}' id=\"post-grid-3590\" class=\"post-grid grid\">\n    \n\n\n    <div class=\"grid-items\">\n      <div class=\"item item-2789 skin flat even 0 \">\n        <div class=\"layer-wrapper layout-2622\">\n          <div class=\"layer-media element_1587187627902\"\r\n        id=\"\">\r\n        <div\r\n        class=\"element element_1587190790308  element-media \">\r\n        <a target=\"_self\" href=\"http:\/\/www.mvbreitenau.at\/v2\/?p=2789\"><img fetchpriority=\"high\" decoding=\"async\" width=\"1024\" height=\"698\" src=\"http:\/\/www.mvbreitenau.at\/v2\/wp-content\/uploads\/2022\/12\/XMAS-Greetings-FB-Insta-HP-M-1024x698.jpg\" class=\"attachment-large size-large wp-post-image\" alt=\"\" \/><\/a>    <\/div>\r\n    <\/div>\r\n    <div class=\"layer-content element_1587187714568\"\r\n        id=\"\">\r\n        <div class=\"element element_1587187895341  title \">\r\n                    <a target=\"_blank\"\r\n                href=\"http:\/\/www.mvbreitenau.at\/v2\/?p=2789\">Frohe Weihnachten 2022<\/a>\r\n            <\/div>\r\n    <div class=\"element element_1587187729822  excerpt \">\r\n        Frei nach Karl Valentin \u201eWenn die stille Zeit vorbei ist, dann wird es auch wieder ruhiger\u201c - der MV Breitenau                    <a target=\"_self\"\r\n                href=\"http:\/\/www.mvbreitenau.at\/v2\/?p=2789\">Read more<\/a>\r\n            <\/div>\r\n    <\/div>\r\n    <\/div>\n  <\/div><div class=\"item item-2746 skin flat odd 1 \">\n        <div class=\"layer-wrapper layout-2622\">\n          <div class=\"layer-media element_1587187627902\"\r\n        id=\"\">\r\n        <div\r\n        class=\"element element_1587190790308  element-media \">\r\n        <a target=\"_self\" href=\"http:\/\/www.mvbreitenau.at\/v2\/?p=2746\"><img decoding=\"async\" width=\"1024\" height=\"461\" src=\"http:\/\/www.mvbreitenau.at\/v2\/wp-content\/uploads\/2022\/12\/image-4-1024x461.png\" class=\"attachment-large size-large wp-post-image\" alt=\"\" \/><\/a>    <\/div>\r\n    <\/div>\r\n    <div class=\"layer-content element_1587187714568\"\r\n        id=\"\">\r\n        <div class=\"element element_1587187895341  title \">\r\n                    <a target=\"_blank\"\r\n                href=\"http:\/\/www.mvbreitenau.at\/v2\/?p=2746\">Herbstkonzert 2022 vs. Fu\u00dfball-WM 2022<\/a>\r\n            <\/div>\r\n    <div class=\"element element_1587187729822  excerpt \">\r\n        Eine kleine Nachlese zum Herbstkonzert 2022. Wer kann sich noch an das Ergebnis des Er\u00f6ffnungsspiels der Fu\u00dfball-WM am darauffolgenden Sonntag                    <a target=\"_self\"\r\n                href=\"http:\/\/www.mvbreitenau.at\/v2\/?p=2746\">Read more<\/a>\r\n            <\/div>\r\n    <\/div>\r\n    <\/div>\n  <\/div><div class=\"item item-2762 skin flat even 2 \">\n        <div class=\"layer-wrapper layout-2622\">\n          <div class=\"layer-media element_1587187627902\"\r\n        id=\"\">\r\n        <div\r\n        class=\"element element_1587190790308  element-media \">\r\n        <a target=\"_self\" href=\"http:\/\/www.mvbreitenau.at\/v2\/?p=2762\"><img decoding=\"async\" width=\"610\" height=\"523\" src=\"http:\/\/www.mvbreitenau.at\/v2\/wp-content\/uploads\/2022\/11\/image-2.png\" class=\"attachment-large size-large wp-post-image\" alt=\"\" \/><\/a>    <\/div>\r\n    <\/div>\r\n    <div class=\"layer-content element_1587187714568\"\r\n        id=\"\">\r\n        <div class=\"element element_1587187895341  title \">\r\n                    <a target=\"_blank\"\r\n                href=\"http:\/\/www.mvbreitenau.at\/v2\/?p=2762\">Allerheiligen \/ Totengedenken<\/a>\r\n            <\/div>\r\n    <div class=\"element element_1587187729822  excerpt \">\r\n        Noch vor wenigen Tagen herrschten sp\u00e4tsommerliche Temperaturen in den Niederungen im Steinfeld - p\u00fcnktlich mit November gesellt sich zum Nebel                    <a target=\"_self\"\r\n                href=\"http:\/\/www.mvbreitenau.at\/v2\/?p=2762\">Read more<\/a>\r\n            <\/div>\r\n    <\/div>\r\n    <\/div>\n  <\/div><div class=\"item item-2733 skin flat odd 3 \">\n        <div class=\"layer-wrapper layout-2622\">\n          <div class=\"layer-media element_1587187627902\"\r\n        id=\"\">\r\n        <div\r\n        class=\"element element_1587190790308  element-media \">\r\n        <a target=\"_self\" href=\"http:\/\/www.mvbreitenau.at\/v2\/?p=2733\"><img loading=\"lazy\" decoding=\"async\" width=\"1024\" height=\"669\" src=\"http:\/\/www.mvbreitenau.at\/v2\/wp-content\/uploads\/2022\/09\/20220910-Daemmerschoppen-1024x669.jpg\" class=\"attachment-large size-large wp-post-image\" alt=\"\" \/><\/a>    <\/div>\r\n    <\/div>\r\n    <div class=\"layer-content element_1587187714568\"\r\n        id=\"\">\r\n        <div class=\"element element_1587187895341  title \">\r\n                    <a target=\"_blank\"\r\n                href=\"http:\/\/www.mvbreitenau.at\/v2\/?p=2733\">D\u00e4mmerschoppen im Sp\u00e4tsommer<\/a>\r\n            <\/div>\r\n    <div class=\"element element_1587187729822  excerpt \">\r\n        War es wirklich wunderbar? Breitenau, 10.09.2022 Da im Jahr 2022 leider die Breitenauer Wiesn kurzfristig vom Co-Veranstalter abgesagt werden musste,                    <a target=\"_self\"\r\n                href=\"http:\/\/www.mvbreitenau.at\/v2\/?p=2733\">Read more<\/a>\r\n            <\/div>\r\n    <\/div>\r\n    <\/div>\n  <\/div><div class=\"item item-2720 skin flat even 4 \">\n        <div class=\"layer-wrapper layout-2622\">\n          <div class=\"layer-media element_1587187627902\"\r\n        id=\"\">\r\n        <div\r\n        class=\"element element_1587190790308  element-media \">\r\n        <a target=\"_self\" href=\"http:\/\/www.mvbreitenau.at\/v2\/?p=2720\"><img loading=\"lazy\" decoding=\"async\" width=\"1024\" height=\"768\" src=\"http:\/\/www.mvbreitenau.at\/v2\/wp-content\/uploads\/2022\/08\/WhatsApp-Image-2022-08-21-at-15.45.25-5.jpg\" class=\"attachment-large size-large wp-post-image\" alt=\"\" \/><\/a>    <\/div>\r\n    <\/div>\r\n    <div class=\"layer-content element_1587187714568\"\r\n        id=\"\">\r\n        <div class=\"element element_1587187895341  title \">\r\n                    <a target=\"_blank\"\r\n                href=\"http:\/\/www.mvbreitenau.at\/v2\/?p=2720\">Breitenauer Ferienspiel zu Gast beim MVB<\/a>\r\n            <\/div>\r\n    <div class=\"element element_1587187729822  excerpt \">\r\n        Der Schulstart und auch der Musikschulstart steht kurz bevor, dennoch m\u00f6chte ich einen kleinen R\u00fcckblick auf die Sommerferien werfen. Am                    <a target=\"_self\"\r\n                href=\"http:\/\/www.mvbreitenau.at\/v2\/?p=2720\">Read more<\/a>\r\n            <\/div>\r\n    <\/div>\r\n    <\/div>\n  <\/div><div class=\"item item-2698 skin flat odd 5 \">\n        <div class=\"layer-wrapper layout-2622\">\n          <div class=\"layer-media element_1587187627902\"\r\n        id=\"\">\r\n        <div\r\n        class=\"element element_1587190790308  element-media \">\r\n        <a target=\"_self\" href=\"http:\/\/www.mvbreitenau.at\/v2\/?p=2698\"><img loading=\"lazy\" decoding=\"async\" width=\"1024\" height=\"788\" src=\"http:\/\/www.mvbreitenau.at\/v2\/wp-content\/uploads\/2022\/06\/hochzeit1-1024x788.jpg\" class=\"attachment-large size-large wp-post-image\" alt=\"\" \/><\/a>    <\/div>\r\n    <\/div>\r\n    <div class=\"layer-content element_1587187714568\"\r\n        id=\"\">\r\n        <div class=\"element element_1587187895341  title \">\r\n                    <a target=\"_blank\"\r\n                href=\"http:\/\/www.mvbreitenau.at\/v2\/?p=2698\">Hochzeit<\/a>\r\n            <\/div>\r\n    <div class=\"element element_1587187729822  excerpt \">\r\n        \"Wir sind Braut und Br\u00e4utigam\" Angelehnt an eine deutschen Tageszeitung, welche sich und quasi eine ganze Nation einst mit der                    <a target=\"_self\"\r\n                href=\"http:\/\/www.mvbreitenau.at\/v2\/?p=2698\">Read more<\/a>\r\n            <\/div>\r\n    <\/div>\r\n    <\/div>\n  <\/div><div class=\"item item-2691 skin flat even 6 \">\n        <div class=\"layer-wrapper layout-2622\">\n          <div class=\"layer-media element_1587187627902\"\r\n        id=\"\">\r\n        <div\r\n        class=\"element element_1587190790308  element-media \">\r\n        <a target=\"_self\" href=\"http:\/\/www.mvbreitenau.at\/v2\/?p=2691\"><img loading=\"lazy\" decoding=\"async\" width=\"1024\" height=\"677\" src=\"http:\/\/www.mvbreitenau.at\/v2\/wp-content\/uploads\/2022\/06\/20220616-Fronleichnam-8-1024x677.jpg\" class=\"attachment-large size-large wp-post-image\" alt=\"\" \/><\/a>    <\/div>\r\n    <\/div>\r\n    <div class=\"layer-content element_1587187714568\"\r\n        id=\"\">\r\n        <div class=\"element element_1587187895341  title \">\r\n                    <a target=\"_blank\"\r\n                href=\"http:\/\/www.mvbreitenau.at\/v2\/?p=2691\">Fronleichnam in Schwarzau<\/a>\r\n            <\/div>\r\n    <div class=\"element element_1587187729822  excerpt \">\r\n        Schwarzau, So., 16. Juni 2022Hafen-Rundfahrt auf der Alster vs. H\u00e4fn'-Rundgang in Schwarzau Ersteres habe ich einige Male in Hamburg genossen                    <a target=\"_self\"\r\n                href=\"http:\/\/www.mvbreitenau.at\/v2\/?p=2691\">Read more<\/a>\r\n            <\/div>\r\n    <\/div>\r\n    <\/div>\n  <\/div><div class=\"item item-2661 skin flat odd 7 \">\n        <div class=\"layer-wrapper layout-2622\">\n          <div class=\"layer-media element_1587187627902\"\r\n        id=\"\">\r\n        <div\r\n        class=\"element element_1587190790308  element-media \">\r\n        <a target=\"_self\" href=\"http:\/\/www.mvbreitenau.at\/v2\/?p=2661\"><img loading=\"lazy\" decoding=\"async\" width=\"1024\" height=\"577\" src=\"http:\/\/www.mvbreitenau.at\/v2\/wp-content\/uploads\/2022\/06\/Kirtagbaum2-1024x577.jpg\" class=\"attachment-large size-large wp-post-image\" alt=\"\" \/><\/a>    <\/div>\r\n    <\/div>\r\n    <div class=\"layer-content element_1587187714568\"\r\n        id=\"\">\r\n        <div class=\"element element_1587187895341  title \">\r\n                    <a target=\"_blank\"\r\n                href=\"http:\/\/www.mvbreitenau.at\/v2\/?p=2661\">Kirtag in Breitenau<\/a>\r\n            <\/div>\r\n    <div class=\"element element_1587187729822  excerpt \">\r\n        \"Gut is gangen, nix is gschehn - auch beim 2. F\u00e4llen ist nichts passiert.\" Am Sonntag 12.06.2022 herrschte ein atypischen                    <a target=\"_self\"\r\n                href=\"http:\/\/www.mvbreitenau.at\/v2\/?p=2661\">Read more<\/a>\r\n            <\/div>\r\n    <\/div>\r\n    <\/div>\n  <\/div><div class=\"item item-2604 skin flat even 8 \">\n        <div class=\"layer-wrapper layout-2622\">\n          <div class=\"layer-media element_1587187627902\"\r\n        id=\"\">\r\n        <div\r\n        class=\"element element_1587190790308  element-media \">\r\n        <a target=\"_self\" href=\"http:\/\/www.mvbreitenau.at\/v2\/?p=2604\"><img loading=\"lazy\" decoding=\"async\" width=\"640\" height=\"628\" src=\"http:\/\/www.mvbreitenau.at\/v2\/wp-content\/uploads\/2022\/05\/20220529-Kirtagbaum2-Kopie.jpg\" class=\"attachment-large size-large wp-post-image\" alt=\"\" \/><\/a>    <\/div>\r\n    <\/div>\r\n    <div class=\"layer-content element_1587187714568\"\r\n        id=\"\">\r\n        <div class=\"element element_1587187895341  title \">\r\n                    <a target=\"_blank\"\r\n                href=\"http:\/\/www.mvbreitenau.at\/v2\/?p=2604\">Kirtagbaumaufstellen in Breitenau<\/a>\r\n            <\/div>\r\n    <div class=\"element element_1587187729822  excerpt \">\r\n        R\u00fcckblick - Kirtagbaumaufstellen 2022 Der Hauptdarsteller dieses Nachmittags, wie immer \"der sch\u00f6nste und gr\u00f6\u00dfte Baum des Jahres\", durfte wahrlich \u00fcber                    <a target=\"_self\"\r\n                href=\"http:\/\/www.mvbreitenau.at\/v2\/?p=2604\">Read more<\/a>\r\n            <\/div>\r\n    <\/div>\r\n    <\/div>\n  <\/div><div class=\"item item-2595 skin flat odd 9 \">\n        <div class=\"layer-wrapper layout-2622\">\n          <div class=\"layer-media element_1587187627902\"\r\n        id=\"\">\r\n        <div\r\n        class=\"element element_1587190790308  element-media \">\r\n        <a target=\"_self\" href=\"http:\/\/www.mvbreitenau.at\/v2\/?p=2595\"><img loading=\"lazy\" decoding=\"async\" width=\"1024\" height=\"576\" src=\"http:\/\/www.mvbreitenau.at\/v2\/wp-content\/uploads\/2022\/05\/IMG_20220501_111713-1024x576.jpg\" class=\"attachment-large size-large wp-post-image\" alt=\"\" \/><\/a>    <\/div>\r\n    <\/div>\r\n    <div class=\"layer-content element_1587187714568\"\r\n        id=\"\">\r\n        <div class=\"element element_1587187895341  title \">\r\n                    <a target=\"_blank\"\r\n                href=\"http:\/\/www.mvbreitenau.at\/v2\/?p=2595\">Fr\u00fchschoppen - 1. Mai - Familienfest 2022<\/a>\r\n            <\/div>\r\n    <div class=\"element element_1587187729822  excerpt \">\r\n        Ja, es war in der Tat anders als in den letzten Jahren und noch unterschiedlicher zu den Jahren zuvor. Da                    <a target=\"_self\"\r\n                href=\"http:\/\/www.mvbreitenau.at\/v2\/?p=2595\">Read more<\/a>\r\n            <\/div>\r\n    <\/div>\r\n    <\/div>\n  <\/div>    <\/div>\n    <div class=\"pagination\">\n      <div class=\"paginate\">\n    <span aria-current=\"page\" class=\"page-numbers current\">1<\/span>\n<a class=\"page-numbers\" href=\"http:\/\/www.mvbreitenau.at\/v2\/index.php?rest_route=%2Fwp%2Fv2%2Fpages%2F3587&#038;paged=2\">2<\/a>\n<a class=\"next page-numbers\" href=\"http:\/\/www.mvbreitenau.at\/v2\/index.php?rest_route=%2Fwp%2Fv2%2Fpages%2F3587&#038;paged=2\">Next \u00bb<\/a>  <\/div>\n  <style type=\"text\/css\">\n    #post-grid-3590 .pagination .page-numbers {\n      font-size: 16px;\n      color: #fff;\n      background: #646464;\n    }\n\n    #post-grid-3590 .pagination .page-numbers:hover,\n    #post-grid-3590 .pagination .page-numbers.current {\n      background: #4b4b4b;\n    }\n  <\/style>\n  <\/div>\n        <style type=\"text\/css\">\r\n            .layout-2622 .element_1587187627902 {\r\n                            }\r\n\r\n                    <\/style>\r\n        <style type=\"text\/css\">\r\n        .layout-2622 .element_1587190790308 {\r\n            overflow: hidden;\r\n                    }\r\n\r\n        .layout-2622 .element_1587190790308 img {\r\n            max-width: 100%;\r\n            height: auto;\r\n        }\r\n\r\n        @media only screen and (min-width: 1024px) {\r\n            .layout-2622 .element_1587190790308 {\r\n                height: auto;\r\n                            }\r\n        }\r\n\r\n        @media only screen and (min-width: 768px) and (max-width: 1023px) {\r\n            .layout-2622 .element_1587190790308 {\r\n                height: auto;\r\n                            }\r\n        }\r\n\r\n        @media only screen and (min-width: 0px) and (max-width: 767px) {\r\n            .layout-2622 .element_1587190790308 {\r\n                height: auto;\r\n                            }\r\n        }\r\n    <\/style>\r\n        <style type=\"text\/css\">\r\n            .layout-2622 .element_1587187714568 {\r\n                margin: 10px;\r\n                            }\r\n\r\n                    <\/style>\r\n        <style type=\"text\/css\">\r\n        .layout-2622 .element_1587187895341 {\r\n            font-size: 18px;\r\n            margin: 5px 0px;\r\n            text-align: left;\r\n                    }\r\n\r\n        .layout-2622 .element_1587187895341 a {\r\n            font-size: 18px;\r\n            margin: 5px 0px;\r\n            text-align: left;\r\n                    }\r\n    <\/style>\r\n    <style type=\"text\/css\">\r\n        .layout-2622 .element_1587187729822 {\r\n            font-size: 13px;\r\n            margin: 0px 0px;\r\n            text-align: left;\r\n                    }\r\n\r\n        .layout-2622 .element_1587187729822 a {\r\n            font-size: 13px;\r\n                    }\r\n    <\/style>\r\n        <style type=\"text\/css\">\n      .layout-2622 a{text-decoration:none}.layout-2622{vertical-align:top}.layout-2622 .layer-content{padding:10px}    <\/style>\n    <script>\n          <\/script>\n    <style type=\"text\/css\">\n    #post-grid-3590 {\n      padding: 10px;\n          }\n\n    #post-grid-3590 .item {\n      padding: 0px;\n      background: #fff;\n          }\n\n    #post-grid-3590 .item .layer-media {\n      height:auto;    }\n\n    @media only screen and (min-width: 0px) and (max-width: 767px) {\n      #post-grid-3590 .grid-items {\n        text-align: center;\n              }\n\n      #post-grid-3590 .item {\n        width: 90%;\n        margin: 10px;\n        display: inline-block;\n        vertical-align: top;\n        height:auto;      }\n    }\n\n    @media only screen and (min-width: 768px) and (max-width: 1023px) {\n      #post-grid-3590 .grid-items {\n        text-align: center;\n              }\n\n      #post-grid-3590 .item {\n        width: 280px;\n        margin: 10px;\n        display: inline-block;\n        vertical-align: top;\n        max-height:auto;      }\n    }\n\n    @media only screen and (min-width: 1024px) {\n      #post-grid-3590 .grid-items {\n        text-align: center;\n              }\n\n      #post-grid-3590 .item {\n        width: 280px;\n        display: inline-block;\n        margin: 10px;\n        vertical-align: top;\n        height:auto;      }\n    }\n\n      <\/style>\n  <\/div>\n\n\n\n<p><\/p>\n","protected":false},"excerpt":{"rendered":"","protected":false},"author":3,"featured_media":0,"parent":0,"menu_order":0,"comment_status":"closed","ping_status":"closed","template":"","meta":{"ocean_post_layout":"","ocean_both_sidebars_style":"","ocean_both_sidebars_content_width":0,"ocean_both_sidebars_sidebars_width":0,"ocean_sidebar":"0","ocean_second_sidebar":"0","ocean_disable_margins":"enable","ocean_add_body_class":"","ocean_shortcode_before_top_bar":"","ocean_shortcode_after_top_bar":"","ocean_shortcode_before_header":"","ocean_shortcode_after_header":"","ocean_has_shortcode":"","ocean_shortcode_after_title":"","ocean_shortcode_before_footer_widgets":"","ocean_shortcode_after_footer_widgets":"","ocean_shortcode_before_footer_bottom":"","ocean_shortcode_after_footer_bottom":"","ocean_display_top_bar":"default","ocean_display_header":"default","ocean_header_style":"","ocean_center_header_left_menu":"0","ocean_custom_header_template":"0","ocean_custom_logo":0,"ocean_custom_retina_logo":0,"ocean_custom_logo_max_width":0,"ocean_custom_logo_tablet_max_width":0,"ocean_custom_logo_mobile_max_width":0,"ocean_custom_logo_max_height":0,"ocean_custom_logo_tablet_max_height":0,"ocean_custom_logo_mobile_max_height":0,"ocean_header_custom_menu":"0","ocean_menu_typo_font_family":"0","ocean_menu_typo_font_subset":"","ocean_menu_typo_font_size":0,"ocean_menu_typo_font_size_tablet":0,"ocean_menu_typo_font_size_mobile":0,"ocean_menu_typo_font_size_unit":"px","ocean_menu_typo_font_weight":"","ocean_menu_typo_font_weight_tablet":"","ocean_menu_typo_font_weight_mobile":"","ocean_menu_typo_transform":"","ocean_menu_typo_transform_tablet":"","ocean_menu_typo_transform_mobile":"","ocean_menu_typo_line_height":0,"ocean_menu_typo_line_height_tablet":0,"ocean_menu_typo_line_height_mobile":0,"ocean_menu_typo_line_height_unit":"","ocean_menu_typo_spacing":0,"ocean_menu_typo_spacing_tablet":0,"ocean_menu_typo_spacing_mobile":0,"ocean_menu_typo_spacing_unit":"","ocean_menu_link_color":"","ocean_menu_link_color_hover":"","ocean_menu_link_color_active":"","ocean_menu_link_background":"","ocean_menu_link_hover_background":"","ocean_menu_link_active_background":"","ocean_menu_social_links_bg":"","ocean_menu_social_hover_links_bg":"","ocean_menu_social_links_color":"","ocean_menu_social_hover_links_color":"","ocean_disable_title":"default","ocean_disable_heading":"default","ocean_post_title":"","ocean_post_subheading":"","ocean_post_title_style":"","ocean_post_title_background_color":"","ocean_post_title_background":0,"ocean_post_title_bg_image_position":"","ocean_post_title_bg_image_attachment":"","ocean_post_title_bg_image_repeat":"","ocean_post_title_bg_image_size":"","ocean_post_title_height":0,"ocean_post_title_bg_overlay":0.5,"ocean_post_title_bg_overlay_color":"","ocean_disable_breadcrumbs":"default","ocean_breadcrumbs_color":"","ocean_breadcrumbs_separator_color":"","ocean_breadcrumbs_links_color":"","ocean_breadcrumbs_links_hover_color":"","ocean_display_footer_widgets":"default","ocean_display_footer_bottom":"default","ocean_custom_footer_template":"0","footnotes":""},"class_list":["post-3587","page","type-page","status-publish","hentry","entry","has-media"],"_links":{"self":[{"href":"http:\/\/www.mvbreitenau.at\/v2\/index.php?rest_route=\/wp\/v2\/pages\/3587","targetHints":{"allow":["GET"]}}],"collection":[{"href":"http:\/\/www.mvbreitenau.at\/v2\/index.php?rest_route=\/wp\/v2\/pages"}],"about":[{"href":"http:\/\/www.mvbreitenau.at\/v2\/index.php?rest_route=\/wp\/v2\/types\/page"}],"author":[{"embeddable":true,"href":"http:\/\/www.mvbreitenau.at\/v2\/index.php?rest_route=\/wp\/v2\/users\/3"}],"replies":[{"embeddable":true,"href":"http:\/\/www.mvbreitenau.at\/v2\/index.php?rest_route=%2Fwp%2Fv2%2Fcomments&post=3587"}],"version-history":[{"count":1,"href":"http:\/\/www.mvbreitenau.at\/v2\/index.php?rest_route=\/wp\/v2\/pages\/3587\/revisions"}],"predecessor-version":[{"id":3591,"href":"http:\/\/www.mvbreitenau.at\/v2\/index.php?rest_route=\/wp\/v2\/pages\/3587\/revisions\/3591"}],"wp:attachment":[{"href":"http:\/\/www.mvbreitenau.at\/v2\/index.php?rest_route=%2Fwp%2Fv2%2Fmedia&parent=3587"}],"curies":[{"name":"wp","href":"https:\/\/api.w.org\/{rel}","templated":true}]}}